reatest common divisor of 2864 and 16.
16
What is the highest common factor of 64 and 864?
32
Calculate the highest common factor of 77656 and 136.
136
Calculate the greatest common factor of 273 and 2496.
39
Calculate the highest common divisor of 35 and 385.
35
Calculate the greatest common factor of 28 and 12.
4
What is the highest common divisor of 3 and 68?
1
Calculate the greatest common divisor of 61 and 40382.
61
What is the greatest common factor of 144 and 512?
16
Calculate the highest common factor of 80 and 680.
40
Calculate the highest common divisor of 99 and 66.
33
What is the greatest common factor of 3 and 1461?
3
What is the greatest common divisor of 120 and 300?
60
Calculate the greatest common factor of 7 and 4.
1
Calculate the highest common divisor of 30 and 65.
5
Calculate the highest common divisor of 26720 and 10.
10
Calculate the highest common divisor of 885 and 1593.
177
What is the greatest common factor of 7 and 259?
7
What is the greatest common factor of 109 and 6976?
109
Calculate the highest common factor of 531 and 177.
177
Calculate the highest common divisor of 98 and 14.
14
What is the greatest common divisor of 3495 and 15?
15
Calculate the greatest common factor of 40 and 92.
4
What is the greatest common divisor of 9 and 1899?
9
What is the greatest common factor of 1003 and 177?
59
Calculate the highest common factor of 51 and 51.
51
What is the greatest common factor of 54 and 198?
18
What is the highest common divisor of 940 and 70?
10
What is the highest common divisor of 38 and 6194?
38
What is the highest common divisor of 370 and 1554?
74
Calculate the highest common divisor of 2678 and 309.
103
Calculate the highest common factor of 48 and 54.
6
What is the highest common divisor of 448 and 7?
7
Calculate the greatest common divisor of 10747 and 22.
11
Calculate the highest common factor of 216 and 198.
18
What is the greatest common divisor of 73 and 146?
73
Calculate the greatest common divisor of 70933 and 89.
89
Calculate the greatest common divisor of 208 and 2192.
16
Calculate the highest common divisor of 6482 and 14.
14
What is the greatest common factor of 15 and 54675?
15
What is the greatest common divisor of 180 and 145?
5
What is the greatest common divisor of 1 and 11?
1
What is the greatest common factor of 36995 and 490?
245
What is the greatest common divisor of 132 and 44?
44
Calculate the greatest common divisor of 2108 and 496.
124
Calculate the highest common factor of 230 and 76015.
115
Calculate the greatest common factor of 48 and 3152.
16
What is the highest common factor of 50 and 32?
2
Calculate the greatest common factor of 441 and 77.
7
What is the greatest common divisor of 350 and 28?
14
Calculate the greatest common factor of 66 and 1914.
66
Calculate the greatest common divisor of 26 and 234.
26
What is the greatest common divisor of 34 and 1921?
17
What is the greatest common factor of 33 and 24387?
33
Calculate the highest common divisor of 11 and 37.
1
What is the highest common divisor of 6 and 504?
6
Calculate the highest common divisor of 8 and 1328.
8
Calculate the highest common factor of 12851 and 362.
181
What is the greatest common divisor of 7282 and 88?
22
What is the highest common divisor of 848 and 53?
53
What is the highest common divisor of 1280 and 1408?
128
Calculate the highest common divisor of 78 and 208.
26
Calculate the highest common divisor of 11 and 1727.
11
What is the highest common factor of 69 and 2208?
69
What is the greatest common factor of 2546 and 268?
134
What is the highest common divisor of 670 and 20?
10
What is the greatest common factor of 211 and 211?
211
What is the highest common factor of 45 and 99?
9
Calculate the greatest common factor of 1139 and 17.
17
Calculate the greatest common factor of 8 and 32.
8
What is the greatest common divisor of 2548 and 468?
52
Calculate the greatest common factor of 4 and 3676.
4
Calculate the greatest common factor of 460 and 828.
92
What is the greatest common divisor of 840 and 45?
15
Calculate the greatest common divisor of 1922 and 248.
62
What is the highest common divisor of 1650 and 750?
150
Calculate the highest common divisor of 6 and 114.
6
What is the highest common factor of 1617 and 12?
3
Calculate the highest common factor of 4351 and 19.
19
Calculate the highest common divisor of 250 and 6625.
125
Calculate the greatest common factor of 110 and 230.
10
What is the highest common factor of 16 and 184?
8
What is the greatest common factor of 91 and 84?
7
Calculate the highest common factor of 51146 and 214.
214
Calculate the highest common factor of 116 and 841.
29
Calculate the highest common factor of 712 and 2047.
89
What is the highest common factor of 1 and 126?
1
Calculate the greatest common divisor of 7 and 119.
7
Calculate the greatest common factor of 11 and 517.
11
Calculate the highest common divisor of 228 and 15276.
228
What is the greatest common factor of 2820 and 40?
20
Calculate the greatest common divisor of 22 and 253.
11
Calculate the greatest common divisor of 111 and 37.
37
What is the greatest common divisor of 195 and 4065?
15
What is the highest common factor of 90 and 144?
18
Calculate the greatest common factor of 45 and 10.
5
Calculate the greatest common factor of 6298 and 47.
47
Calculate the highest common factor of 27 and 3879.
9
What is the highest common factor of 33 and 9?
3
Calculate the highest common divisor of 7 and 189.
7
What is the greatest common divisor of 2835 and 252?
63
Calculate the highest common factor of 23838 and 348.
174
What is the highest common divisor of 345 and 1955?
115
What is the greatest common divisor of 198 and 9306?
198
What is the highest common factor of 136 and 34?
34
What is the greatest common divisor of 240 and 96?
48
What is the greatest common factor of 10983 and 21?
21
What is the highest common divisor of 1036 and 37?
37
What is the highest common factor of 45 and 12405?
15
What is the highest common divisor of 1222 and 26?
26
What is the greatest common factor of 11679 and 51?
51
Calculate the highest common factor of 38 and 2679.
19
Calculate the greatest common divisor of 200 and 280.
40
What is the greatest common divisor of 26 and 208?
26
Calculate the greatest common factor of 42 and 11214.
42
What is the greatest common factor of 141 and 329?
47
What is the highest common divisor of 165 and 5?
5
Calculate the highest common divisor of 2890 and 85.
85
What is the highest common factor of 7 and 35?
7
What is the greatest common factor of 28 and 70?
14
What is the greatest common factor of 20 and 8?
4
Calculate the highest common factor of 3 and 123.
3
Calculate the highest common divisor of 343 and 245.
49
What is the greatest common divisor of 8 and 584?
8
What is the greatest common divisor of 783 and 2511?
27
What is the highest common divisor of 1955 and 23?
23
What is the highest common factor of 3 and 48?
3
Calculate the highest common divisor of 12626 and 642.
214
Calculate the greatest common divisor of 12937 and 34.
17
Calculate the greatest common factor of 60 and 12.
12
What is the highest common divisor of 104 and 442?
26
What is the highest common divisor of 189 and 42?
21
What is the highest common divisor of 1462 and 34?
34
Calculate the highest common divisor of 45 and 420.
15
What is the greatest common factor of 448 and 196?
28
Calculate the greatest common divisor of 33 and 121.
11
Calculate the highest common divisor of 42 and 336.
42
Calculate the highest common factor of 424 and 159.
53
Calculate the greatest common divisor of 16 and 1684.
4
What is the greatest common divisor of 26 and 19240?
26
Calculate the highest common divisor of 26684 and 28.
28
Calculate the highest common factor of 43 and 215.
43
What is the highest common divisor of 20 and 16?
4
Calculate the greatest common factor of 5 and 605.
5
What is the highest common factor of 2501 and 533?
41
Calculate the greatest common divisor of 7908 and 48.
12
What is the greatest common factor of 6 and 14?
2
Calculate the highest common divisor of 185 and 37.
37
Calculate the greatest common factor of 1152 and 3.
3
Calculate the greatest common factor of 6517 and 19.
19
What is the greatest common diviso